z - 31. Let p = 139 + -130. Is s(p) a composite number?
True
Let m be (112355/46)/((-1)/(-2)). Suppose -2958 - m = 11*k. Is k/46*38/(-1)*1 composite?
True
Let s = 2126 - 3396. Let j = 431 - s. Suppose -l + h = -1756, -4*h - j = -3*l + 3566. Is l prime?
False
Suppose 144*m = 3021686 + 2086138. Is m a prime number?
False
Let t be 15745 + -2 + -10 + 3 + 11. Let j = t + -7586. Is j composite?
False
Let b = 3 + 0. Suppose -17*q = -n - 12*q - 369, 0 = -n - 2*q - 383. Is -4 + b + 1 - n a prime number?
True
Let j = 30164 - 18224. Suppose 26*o - 72586 - j = 0. Is o a prime number?
True
Let y(s) = -1055*s**3 - s**2 - 4*s - 4. Let q be y(-1). Suppose 4*c = 2*v - 1054, 10*c - 7*c + q = 2*v. Is v a composite number?
True
Suppose 3*m - 6*c = -3*c + 3, -12 = -4*c. Let s be (-12)/(-2)*3*(-5)/(-15). Suppose -4370 = -s*j - m*j. Is j composite?
True
Let w(q) be the first derivative of -q**3/3 - 5*q**2/2 - 5*q + 12. Let c be w(-4). Is 257/((-9)/2 - c - -4) composite?
True
Suppose 0 = 4*y - 9*m + 4*m - 64741, 12 = 4*m. Suppose -6*i - 5107 = -y. Is i prime?
True
Let j(b) = 7719*b**2 + 12*b + 13. Is j(2) prime?
False
Let k(y) = 1797*y - 38. Is k(33) a prime number?
True
Let s = 24124 - 16954. Let q = s + -1651. Is q a prime number?
True
Suppose -1309878 = 22*w - 76*w. Is w a prime number?
False
Let r(o) = -o**2 + 3*o + 3. Let u be r(4). Let c(n) = -3*n**3 - 3*n**2 - n + 1. Let g be c(u). Suppose g*w - 453 - 463 = 0. Is w prime?
False
Suppose 1489628 = 2*v + 2*i, -32*i - 15 = -37*i. Is v a composite number?
False
Suppose -11 = -a - 9. Let p(f) = 23 - 11*f**a - 12 + 7*f + 36*f**2. Is p(-3) prime?
False
Suppose -9 = -10*s + 71. Suppose -8*j + 6*j + 21940 = 0. Suppose s*r + 2*r = j. Is r composite?
False
Suppose -46*r + 84*r = 5524934. Is r composite?
True
Let w(i) = -17 - 36*i + 33*i + 14. Let k be w(-2). Suppose -k*d = -2*d - 671. Is d a composite number?
True
Suppose h = 135 - 123. Is 8324/6 - (28/h)/7 a composite number?
True
Suppose -3*z = 3*r - 4*r - 914, -2*z - 6 = 0. Let s be (-133)/(-14)*-76*3. Let a = r - s. Is a composite?
True
Suppose 3*u + u + 4*h = 36, 0 = -4*u + 5*h. Suppose u*i - 4445 = -5*d + 7*i, 1789 = 2*d - 3*i. Is d a composite number?
False
Is ((-120)/(-80))/(39/3342014) a composite number?
True
Let l = 194915 - 102506. Is l a prime number?
False
Let g = -361885 + 5089885. Suppose 1253931 = -51*o + g. Is o composite?
True
Suppose -4*f + 2 = 2*r, 4*f + 24 - 8 = 4*r. Is 55/(-60)*2*r*-2818 composite?
True
Suppose -121*s - 393*s + 48*s + 183067634 = 0. Is s a prime number?
True
Suppose 2*o - 6*o - 2*j = -16, -2*o + 2*j - 4 = 0. Let g(h) = -38*h - 63. Let d(k) = 115*k + 188. Let l(f) = o*d(f) + 7*g(f). Is l(-29) prime?
False
Suppose 10*c + 109629 = i + 6*c, 0 = -3*c + 12. Is i a composite number?
True
Let x = -5279 + -5846. Let h = -6972 - x. Is h prime?
True
Let t be (3/(-6))/((-1)/348). Let m be (t/(-4))/(5/(-2) - -2). Suppose 3*r - i = -m + 3720, 5*i = -2*r + 2422. Is r composite?
True
Let x(s) = 2873*s**2 + 13*s - 49. Is x(6) a composite number?
False
Is (-307)/(23982/2667 - 9) a prime number?
False
Suppose -53*w = -2*m - 48*w + 493094, w + 8 = 0. Is m a prime number?
True
Let g(u) = -4*u + 27. Let x(o) = -8*o + 52. Let m(l) = -7*g(l) + 4*x(l). Suppose -3*w - 28 = 2. Is m(w) prime?
True
Suppose -5*h + 5*x = -7155, 5*h + 3*x - 5*x - 7149 = 0. Suppose -h = -2*o - 17341. Is (2/(-4))/(18/o) a composite number?
True
Suppose 25*h - 131*h - 117*h + 498851 = 0. Is h a composite number?
False
Suppose 30 = 2*r + 18. Suppose -r*c = -22 - 2. Suppose 127 = -c*s + 699. Is s composite?
True
Let p(d) = -5*d - 13. Let h be p(-3). Suppose -198487 = -4*a - u, 2*a = h*u - 3*u + 99243. Suppose 5*k = a - 12597. Is k composite?
True
Suppose -2*r = 2*q - 5*r + 52, 3*r - 72 = 3*q. Let o = q + 25. Suppose o*t = 445 + 3600. Is t composite?
False
Let n = -4780 + -364. Let z = 9133 + n. Is z a prime number?
True
Let g(l) = -3*l + 7. Let y be g(-7). Suppose 30*v = y*v + 3022. Is v a composite number?
False
Suppose 92192 = -8*n + 248200. Suppose -22834 = -5*a + n. Is a a prime number?
True
Let r(k) = 1205*k**2 + k + 5. Let h(c) = c**2 - c + 2. Let o(f) = -2*h(f) + r(f). Is o(-1) composite?
False
Let m(j) = -1471*j + 44. Let l be m(-6). Suppose 2*p - 2261 = -4*n + 2177, 4*p = -2*n + l. Is p composite?
True
Suppose -326661 = -45*j + 12806724. Is j a composite number?
False
Is (((-1)/(-5))/(20/1148575))/((-38)/(-152)) a prime number?
True
Suppose 3*j - 9*j = -3864. Suppose 10*c - j = 6*c. Suppose 5*g + c = 1516. Is g prime?
True
Let h(c) = -7*c - 31. Let q(k) = -8*k**3 + k. Let b be q(1). Let p be h(b). Is (-2)/9 - ((-7510)/p + 4) composite?
True
Let i(x) = x**3 + 28*x**2 - 110*x - 86. Is i(-26) a composite number?
True
Suppose 4*v - 2*g - 559746 = 415382, -4*g + 487554 = 2*v. Is v composite?
False
Let a(n) = -1153*n**3 + 21*n**2 + 26*n + 233. Is a(-6) composite?
False
Suppose -5*k + 731456 = 3*n, 4*k = -305*n + 301*n + 585160. Is k prime?
False
Suppose 2*p = 3*y - 25, 6*y + 3*p + 42 = 11*y. Suppose 0 = y*z - 25531 - 6158. Is z prime?
False
Let m = -269 + 385. Suppose 997 = 3*r - m. Is r a composite number?
True
Let r(q) = q**2 - 10*q + 28. Let y be r(19). Suppose -183*b = -y*b + 57488. Is b a prime number?
True
Let n = 2201938 - 1268649. Is n a composite number?
True
Suppose 0 = 4*l - 262932 - 1239728. Is l a composite number?
True
Suppose 55*p - 4315151 = 22*p + 930232. Is p prime?
False
Let d(j) = -j**3 + 27*j**2 + 51*j + 19. Let a(s) = -s**3 + 26*s**2 + 52*s + 19. Let n(p) = 3*a(p) - 2*d(p). Is n(24) a composite number?
True
Let v = -34 + 44. Suppose -19 = -i + 4*h, 2*h + v = 2. Suppose -4*f - z + 2144 = 863, -623 = -2*f + i*z. Is f composite?
True
Let x(i) be the third derivative of 11*i**2 + 13/24*i**4 + 0*i + 0 + 3*i**3. Is x(15) a composite number?
True
Let n = -25044 + 36202. Let s = n - 6581. Is s prime?
False
Is (-2 - -28747) + (-138)/(-23) a composite number?
False
Suppose 11772123 = 107*z - 74*z. Is z prime?
True
Suppose w - 3*i = 1385234, -13*w - i - 1385220 = -14*w. Is w a prime number?
True
Let b(g) = -5 + 7 - 10*g**2 + 6*g**3 - 5*g + 2*g**2 + 6*g**3. Let y = 183 - 178. Is b(y) a prime number?
True
Suppose -18*a = -13*a + 20. Let l(w) = -22*w**3 - 6*w**2 - 11*w + 19. Let k(m) = 11*m**3 + 3*m**2 + 6*m - 9. Let p(s) = 7*k(s) + 4*l(s). Is p(a) composite?
False
Let i(p) be the second derivative of p**4/4 + 16*p**3/3 - 47*p**2/2 + 30*p. Is i(-34) a composite number?
False
Let v(z) be the second derivative of z**3/3 - 11*z**2/2 + 37*z. Let g be v(7). Suppose 2*c = -g*c + 1025. Is c composite?
True
Let r = 706668 + -332321. Is r composite?
False
Suppose 0 = 4*d + 397 + 103. Let r = d - -127. Is r a composite number?
False
Is 578/(-34) - 8878/(-1) a prime number?
True
Let r(w) = -7 - 3 + 690*w - 657*w + 5. Let s = 3 + 1. Is r(s) a composite number?
False
Let j = 813 - -194. Suppose x - 4*y = j, x = 3*x + 2*y - 2044. Is x a prime number?
True
Let l(j) = 17*j**3 + j**2 - 14*j - 29. Let x(m) = -6*m**3 + 5*m + 10. Let s(v) = -3*l(v) - 8*x(v). Let w be (-2)/(-8) - 714/168. Is s(w) a prime number?
False
Suppose -3 = -c - z, 4*c - c = z + 17. Suppose 0*k - 11938 = c*n + k, -2*k + 11944 = -5*n. Is (n/10)/(6/(-15)) composite?
True
Suppose -5*r = 3*n - 2*n - 6, 0 = -2*n - 8. Let x be ((-5)/(5/6))/r - -1227. Let d = 2321 - x. Is d a composite number?
False
Let y = 219543 - 13582. Is y prime?
False
Suppose 43*u - 146348 + 21175 = 0. Is u prime?
False
Let u(z) = -2261*z - 1295. Is u(-12) a composite number?
True
Is (29262782/(-333))/((-4)/36) a prime number?
False
Suppose -212 - 262 = -6*x. Is ((-50222)/(-4))/(x/158) a composite number?
False
Let u = -5775 - -12375. Suppose -4*b + 174532 = -u. Is b composite?
True
Suppose 3*j = 2*b - 9783, -2*b + 4*j = 3*j - 9789. Suppose 1561 - b = -5*x. Is x a prime number?
False
Let p(f) = -265*f**3 - 7*f**2 - 5*f - 7. Let w be p(-5). Suppose -13*y + 82095 = -w. Is y composite?
True
Suppose -680 = -5*c + 6*c. Let g = c - -6303. Is g composite?
False
Suppose 0 = -5*k - h + 19 - 84, 0 = -4*k + 2*h - 66. Let v(l) = -l**3 + 9*l**2 - l + 6. Let a be v(9). Is 398 - (-21)/k*(-2)/a a composite number?
False
Suppose 8306803 = 31*j + 2275412. Is j a prime number?
False
Suppose 14*r + 20 = 12*r. Is (-8716)/r*200/80 a prime number?
True
Is (-10)/(-95) + (-56